/(1/(-9)) - -1 composite?
True
Let i(q) = 19*q**2 - q + 33. Is i(10) composite?
True
Let z be (-43)/((-1)/(6 + -2)). Is (z - 6)*(-2)/(-4) a prime number?
True
Suppose 2*m - 501 - 509 = 0. Is m prime?
False
Is (-9)/6 - -1382*5/4 a composite number?
True
Suppose -118 + 23 = 4*n - 5*l, -2*l - 2 = 0. Is ((-30)/n)/(2/55) a prime number?
False
Suppose 0 = -4*n + 8 + 12. Suppose 0 = 5*x - n*l - 375, l - 5*l + 292 = 4*x. Suppose -a - a = -x. Is a a prime number?
True
Suppose 5*j - j - 884 = 0. Is j prime?
False
Let v(u) = u**2 + u. Let k(o) = -7*o**2 - 6*o - 6. Let b(s) = -k(s) - 6*v(s). Is b(-7) a prime number?
False
Let x(f) = -111*f**3 - f**2 - f. Is x(-1) prime?
False
Let f(a) = a - 38*a - 16*a. Suppose -5*n = -10, 3*g - 5*n = 5*g - 8. Is f(g) a prime number?
True
Let s(x) = -6*x**3 + x - 4. Let m be s(-3). Let y = m + -102. Is y a composite number?
False
Let t = -20 + 23. Is -2*t/18*-42 a composite number?
True
Let j(m) = -m**2 + 10*m - 7. Let d be j(8). Suppose -4*r - 1 = -d. Is -1*r - -1 - -48 prime?
True
Suppose -4*j + 5*k + 3 = 0, k - 9 = -4*j - 0*k. Suppose -23 = -5*w - 8, -5*n - 4*w = -j. Is -2 - (-80 - 1 - n) a prime number?
False
Suppose 0 = n - 4*u - 4 - 8, -52 = -3*n - 4*u. Suppose -4*i = -n, -48 = 2*x + i + 8. Let q = 53 + x. Is q a prime number?
True
Let v(k) = -115*k + 17. Is v(-8) composite?
False
Let j(w) = 5*w + 12. Let v be 8 + 1*(-9)/(-3). Is j(v) prime?
True
Let h = 5 - 0. Let b(f) = f**3 - f**2 - 5*f + 4. Is b(h) a composite number?
False
Let j = 382 - 255. Is j a composite number?
False
Let o be (-1969)/(-9) + 2/9. Suppose 3*h = -4*r + o, -4*h = -3*r - 90 - 177. Suppose -n + h = 2*n. Is n prime?
True
Suppose -6*m = -m - 125. Let t be 2 - 1/(2/(-6)). Suppose 10 = t*f - m. Is f a composite number?
False
Let i(o) = -o**3 - 6*o**2 - 2*o - 4. Let j be i(-6). Is j/12 - (-194)/6 a prime number?
False
Let z = 398 + -939. Let a = 379 - -413. Let i = z + a. Is i a composite number?
False
Let p(g) = 13*g - 7 - 26*g - 7*g. Suppose -b - 9 = o, b = -2*o - 8 - 8. Is p(o) composite?
True
Let u(b) = 78*b - 1. Let z be (-4)/(-28) - 12/(-14). Is u(z) composite?
True
Let y be 10/(-30) - (-2 + 902/(-6)). Let f(b) = -4*b**2 + b + 2. Let x be f(5). Let v = y + x. Is v a composite number?
False
Let d(t) = t**3 + 13*t**2 - 20*t - 9. Is d(-13) a composite number?
False
Suppose 0*t = -t + 3. Suppose -434 = -2*x + 4*p, -t*x + p = -120 - 516. Is x prime?
True
Let c(q) = -q + 5. Let s be c(0). Suppose -5*j + 10 = -s*f - 0, -j - 4*f = -12. Suppose -3*v + 3*y + y = -105, -j*v = 4*y - 168. Is v a composite number?
True
Suppose -16*u = -24286 - 14850. Is u composite?
True
Let l = -62 - -115. Suppose 40 = 3*d - l. Is d a composite number?
False
Let w be (2 + 3)*(-2)/(-2). Suppose -2*r - a - 2*a = 0, a = -3*r. Suppose 5*v - u - 449 = r, -214 = -w*v - 3*u + 219. Is v a prime number?
True
Let a = -306 + 1195. Is a composite?
True
Let l = -396 + 847. Is l composite?
True
Suppose -192 = -2*r + 190. Is r a composite number?
False
Let b(g) = -48*g + 5. Is b(-6) a composite number?
False
Suppose -2*h + u - 4*u = -3262, -5*h - u = -8181. Is h prime?
True
Suppose -2*k = -671 - 347. Is k prime?
True
Suppose 0 = -5*g - 2*p + 4*p + 217, 213 = 5*g + 2*p. Suppose 5*j - 10 = 5*s, -3*j = -2*s + s - 14. Is g/j - 2/12 a prime number?
True
Suppose 2*g + 0*g - 16 = -2*u, 3*g - 25 = -4*u. Let c(f) be the second derivative of f**4/6 - 5*f**3/6 - 2*f**2 + f. Is c(g) a prime number?
True
Let i(y) = -23*y + 10. Is i(-21) prime?
False
Suppose -1 + 4 = u. Let n(h) = 0*h - h**3 + 2*h + 2*h**3 + 2. Is n(u) a prime number?
False
Let d(n) = 3*n**3 - 13*n**2 + 10*n - 10. Let h(j) = -j**3 + 4*j**2 - 3*j + 3. Let r = -9 + 16. Let z(f) = r*h(f) + 2*d(f). Is z(-2) a composite number?
False
Suppose -2*c = -5*c + 1008. Suppose c + 259 = 5*m. Is m a composite number?
True
Let w(d) = -d**3 + 10*d**2 + 4*d + 8. Let h be w(10). Let s = h - 6. Let u = -20 + s. Is u a prime number?
False
Let m = 118 - 239. Let c = -68 - m. Suppose c = 5*y - 17. Is y composite?
True
Let x(h) = 3*h - 10. Let c be x(5). Suppose -5*r = -c, -421 = -2*k - 0*k + r. Is k a prime number?
True
Suppose 5*f = 6*f - 11. Suppose -3*p - 33 = -2*t, -t = -2*t - 4*p - 11. Let n = f - t. Is n a prime number?
True
Let s = 10 - -427. Is s a composite number?
True
Let q = -2283 + 4256. Is q a composite number?
False
Let f(l) = 10*l - 7. Let p(s) = 50*s - 36. Let z(k) = -11*f(k) + 2*p(k). Let y be ((-2)/4)/((-1)/(-10)). Is z(y) a prime number?
False
Let o be (-3 + 2)/((-1)/3). Let w = 0 + o. Is w prime?
True
Is (-838*(-3 - -2))/(8 + -6) prime?
True
Let c(x) = -x**3 + x**2 - 2*x + 877. Is c(0) prime?
True
Suppose -2*i + 3*l - 13 = 0, 5*i = i + l - 11. Is 11/i*(1 - 3) a prime number?
True
Let d be -1 + 4 + -5 + -3. Is d + 96 - 0/1 composite?
True
Suppose 2*l + b = 5*b + 2474, -3*l = -b - 3711. Is l a composite number?
False
Let u(a) = -a**2 - 3*a - 1. Let t be u(-3). Let v be (t - (-5 + 1)) + -1. Suppose 0 = -y - 5*m + 15, -m = v*y - 25 + 4. Is y composite?
True
Suppose 4*s = 197 + 43. Let d = s - 112. Let y = d - -86. Is y a prime number?
False
Let i(j) = -j**3 + 6*j**2 - 2*j + 9. Let z be i(6). Let a(l) = -33*l - 3. Let v be a(z). Suppose 3*r - 2*t - 74 = -6*t, 4*t - v = -4*r. Is r a prime number?
False
Let j(d) = d**3 + 14*d**2 + 2*d + 9. Is j(-10) composite?
False
Let d(q) = q**2 - 17*q + 12. Let h be d(17). Let l = -15 + 6. Let v = l + h. Is v composite?
False
Is (-7551)/12*180/(-27) a composite number?
True
Suppose y - 4*y - 4*p = 329, -2*y = 2*p + 222. Let c = y + 192. Is c a composite number?
True
Let k(f) be the first derivative of f**4/4 + 7*f**3/3 - 9*f**2/2 - 10*f - 6. Is k(-7) composite?
False
Suppose 0 = -2*a - 10*a + 180. Is a a composite number?
True
Let g be 3 + 0 - 1*3. Suppose 0 = -2*i - 2*r + 462, 2*i + 4*r - 458 = -g*i. Is i composite?
False
Let s(k) = -k**2 + k + 3. Let h be s(0). Suppose -4*a + 5*t + 208 = 0, h*a - 3*t = -0*t + 159. Is a prime?
False
Let c(d) be the third derivative of d**8/960 - d**7/5040 - d**6/720 + d**5/30 + 2*d**2. Let j(z) be the third derivative of c(z). Is j(-1) composite?
True
Let s(x) = -1941*x - 1. Let g be s(-1). Suppose 2*d = -2*d + g. Is d composite?
True
Let d be ((-6)/(-12))/((-2)/(-20)). Let w(a) = a - 2. Let p be w(d). Suppose p*n = -n + 88. Is n a composite number?
True
Suppose 0 = 2*x - 3*x - 3. Is 2 - ((x - 235) + 3) composite?
True
Let s(g) = 7*g - 1. Let b(f) = 3*f**2 - 4*f + 3. Let a be b(2). Let h be s(a). Let u = h - 33. Is u a composite number?
True
Let p(z) = 93*z + 2. Let i be 3*1 + 1 + -2. Let a be p(i). Suppose 2*g = -2*g + a. Is g prime?
True
Let f(m) = m**3 - m**2 + m + 138. Let s be f(0). Let j = s + -69. Is j prime?
False
Suppose -76 = 4*p - 896. Is p/3 - (-4)/6 composite?
True
Let f = 251 - 106. Is f prime?
False
Let i be (-22)/(-4) - (-1)/(-2). Suppose 3*y - 2*o - 597 = 134, -5*o + 1260 = i*y. Is y a prime number?
False
Let x be 1*(2 + -1)*0. Suppose x = -0*l + 5*l - 10, 0 = -t + 4*l + 126. Is t composite?
True
Let g be 3 - 206/(6/(-3)). Is g - (-1 - (-2 + 1)) prime?
False
Let d(o) = -2*o**2 - 10*o - 6. Let s be d(-6). Is (-4)/(-6)*(-20331)/s prime?
False
Suppose 805 = 5*v + 2*p - 213, 5*v = -3*p + 1022. Is v a prime number?
False
Let k(r) = 17*r - 3. Let s be k(2). Suppose -6 = -2*g + 5*g, 4*w = 2*g - 44. Let j = s - w. Is j a composite number?
False
Suppose 3*f = 5*i - 3, -3*f - 5*i = 2*f - 35. Is 123/f - (-1)/4 composite?
False
Let w(n) be the second derivative of 11*n**3/6 + 4*n**2 + 6*n. Is w(10) a composite number?
True
Let s(i) = i**3 - 5*i**2 + 3. Let j be s(5). Suppose -8*n + 265 = -j*n. Is n a composite number?
False
Suppose 0 = 4*t - 8*t + 16. Suppose t = -2*j, 3*o = 2*o - 5*j - 12. Is (-47)/(-2) - (-1)/o a composite number?
False
Suppose p - 141 = -4*z, -4*p + 6*z + 510 = 4*z. Is p composite?
True
Suppose 32 = -0*i - 4*i. Let u = 17 + i. Let n = 43 - u. Is n a prime number?
False
Suppose -978 = -3*o + o. Is o prime?
False
Let f be 12/9 + 1/(-3). Let x be (-1 + 1000)/3*f. Suppose -84 = 3*o - x. Is o composite?
False
Let z(n) = n**3 - 5*n**2 - 6*n + 1. Let t be z(6). Let f(l) = 6*l**3. Let v be f(t). Suppose -b = -v*b + 115. Is b composite?
False
Let i(t) = 2*t**3 + 4*t**2 - 2*t - 1. Let r be i(2). Is (-4)/18 - (-1761)/r composite?
True
Let a(w) = 6*w**2 